{"id":64339,"date":"2025-04-09T10:54:45","date_gmt":"2025-04-09T08:54:45","guid":{"rendered":"https:\/\/konwit.pl\/ksawerow\/produkt\/315-80r225-continental-conti-eco-regional-hs3-11mm-2021r-przod-t5888\/"},"modified":"2025-04-10T14:48:09","modified_gmt":"2025-04-10T12:48:09","slug":"315-80r225-continental-conti-eco-regional-hs3-11mm-2021r-przod-t5888","status":"publish","type":"product","link":"https:\/\/konwit.pl\/ksawerow\/produkt\/315-80r225-continental-conti-eco-regional-hs3-11mm-2021r-przod-t5888\/","title":{"rendered":"315\/80R22,5 CONTINENTAL CONTI ECO REGIONAL HS3 11mm 2021r PRZ\u00d3D (T5888)"},"content":{"rendered":"<h1>\u25b6\ufe0f OPONA PROWADZ\u0104CA<\/h1>\n<h1>CONTINENTAL CONTI ECO REGIONAL HS3<\/h1>\n<h2>Rozmiar 315\/80R22,5<\/h2>\n<h1>Cena: brutto<\/h1>\n<h1>\u25b6\ufe0f Wysoko\u015b\u0107 bie\u017cnika, oko\u0142o: 11mm<\/h1>\n<ul>\n<li>DOT: <b>4421<\/b><\/li>\n<li>ID oferty:&nbsp;<b>T5888<\/b><\/li>\n<\/ul>\n<p><b>Gwarancja:<\/b><\/p>\n<p>Warunki zosta\u0142y opisane w zak\u0142adce <b>GWARANCJA<\/b><\/p>\n<p><b>OPONA POSIADA PROFESJONALNIE WYKONANE KOSMETYCZNE NAPRAWY BEZ WK\u0141AD\u00d3W NAPRAWCZYCH OD WEWN\u0104TRZ OPONY.<\/b><\/p>\n<h1>\u25b6\ufe0fOpony sprawdzone ci\u015bnieniowo.<\/h1>\n<p>\u25b6\ufe0f POSIADAMY WI\u0118CEJ TEGO TYPU OPON, PROSZ\u0118 SPRAWDZI\u0106 POZOSTA\u0141E OFERTY.<\/p>\n<p><b>Od wielu lat jeste\u015bmy liderem w dziedzinie naprawy opon, co potwierdzaj\u0105 uzyskiwane przez nas od lat Certyfikaty nadawane przez Polskie Centrum Bada\u0144 i Certyfikacji SA. Wysoka jako\u015b\u0107 naszych us\u0142ug pozwala nam obj\u0105\u0107 wszystkie naprawiane przez nas opony gwarancj\u0105 rozruchow\u0105.<\/b><\/p>\n<p>\u25b6\ufe0f&nbsp;<b>Link do bazy EPREL (etykieta opony i dost\u0119p do karty informacyjnej):<\/b><\/p>\n<p>https:\/\/eprel.ec.europa.eu\/screen\/product\/tyres\/481280<\/p>\n","protected":false},"excerpt":{"rendered":"<p>\u25b6\ufe0f OPONA PROWADZ\u0104CA CONTINENTAL CONTI ECO REGIONAL HS3 Rozmiar 315\/80R22,5 Cena: brutto \u25b6\ufe0f Wysoko\u015b\u0107 bie\u017cnika, oko\u0142o: 11mm DOT: 4421 ID oferty:&nbsp;T5888 Gwarancja: Warunki zosta\u0142y opisane w zak\u0142adce GWARANCJA OPONA POSIADA PROFESJONALNIE WYKONANE KOSMETYCZNE NAPRAWY BEZ WK\u0141AD\u00d3W NAPRAWCZYCH OD WEWN\u0104TRZ OPONY. \u25b6\ufe0fOpony sprawdzone ci\u015bnieniowo. \u25b6\ufe0f POSIADAMY WI\u0118CEJ TEGO TYPU OPON, PROSZ\u0118 SPRAWDZI\u0106 POZOSTA\u0141E OFERTY. Od wielu [&hellip;]<\/p>\n","protected":false},"featured_media":64336,"template":"","meta":{"_acf_changed":false,"_themeisle_gutenberg_block_has_review":false},"product_brand":[],"product_cat":[19],"product_tag":[],"class_list":{"0":"post-64339","1":"product","2":"type-product","3":"status-publish","4":"has-post-thumbnail","6":"product_cat-ciezarowe","7":"product_shipping_class-ciezarowe-duze-1szt","8":"pa_ean-8054","9":"pa_halas-zewnetrzny-3574","10":"pa_indeks-nosnosci-156-150-4000-3350-kg","11":"pa_indeks-predkosci-l-do-120-km-h","12":"pa_informacje-dodatkowe-przyczepnosc-na-sniegu-3pmsf","13":"pa_kod-eprel-8056","14":"pa_kod-producenta-8055","15":"pa_liczba-opon-w-ofercie-1-szt","16":"pa_marka-continental","17":"pa_model-conti-ecoregional-hs3-2","18":"pa_opor-toczenia-c","19":"pa_opor-toczenia-opony-wyproduk-klasa-c","20":"pa_profil-opony-110","21":"pa_przeznaczenie-transport-regionalny","22":"pa_przyczepnosc-na-mokrej-nawie-klasa-b","23":"pa_sezon-caloroczne","24":"pa_srednica-22-5","25":"pa_stan-uzywany","26":"pa_szerokosc-opony-315-mm","28":"first","29":"instock","30":"taxable","31":"shipping-taxable","32":"purchasable","33":"product-type-simple"},"acf":[],"_links":{"self":[{"href":"https:\/\/konwit.pl\/ksawerow\/wp-json\/wp\/v2\/product\/64339","targetHints":{"allow":["GET"]}}],"collection":[{"href":"https:\/\/konwit.pl\/ksawerow\/wp-json\/wp\/v2\/product"}],"about":[{"href":"https:\/\/konwit.pl\/ksawerow\/wp-json\/wp\/v2\/types\/product"}],"wp:featuredmedia":[{"embeddable":true,"href":"https:\/\/konwit.pl\/ksawerow\/wp-json\/wp\/v2\/media\/64336"}],"wp:attachment":[{"href":"https:\/\/konwit.pl\/ksawerow\/wp-json\/wp\/v2\/media?parent=64339"}],"wp:term":[{"taxonomy":"product_brand","embeddable":true,"href":"https:\/\/konwit.pl\/ksawerow\/wp-json\/wp\/v2\/product_brand?post=64339"},{"taxonomy":"product_cat","embeddable":true,"href":"https:\/\/konwit.pl\/ksawerow\/wp-json\/wp\/v2\/product_cat?post=64339"},{"taxonomy":"product_tag","embeddable":true,"href":"https:\/\/konwit.pl\/ksawerow\/wp-json\/wp\/v2\/product_tag?post=64339"}],"curies":[{"name":"wp","href":"https:\/\/api.w.org\/{rel}","templated":true}]}}